t j = -2362 + 2437. Let h = -18 - -37. Calculate the remainder when j is divided by h.
18
Let k(p) = -p**3 - 11*p**2 + 2*p - 17. Let w be k(-11). Let j = 56 + w. Calculate the remainder when 27 is divided by j.
10
Let d = 27 - 25. Suppose -d*g - 3*k + 2 = -23, 5 = -k. What is the remainder when g is divided by 7?
6
Suppose 3*a + a = -2*f - 8, 0 = 2*f - 2*a + 2. Let j be 1/(15/(-9) - f). Suppose l = -l + x + 53, 5*x + 90 = j*l. What is the remainder when l is divided by 7?
4
Suppose 2*d - 3*c = 46, -2*d - 6*c = -c - 78. Let u be 16/(-6)*(-11 + -1). Let w = u + -16. What is the remainder when d is divided by w?
13
Let s(d) = 11*d**2 - 23*d - 15. What is the remainder when s(-5) is divided by 7?
4
Let a = -73 - -131. Calculate the remainder when 287 is divided by a.
55
Suppose -11*t - 310 = -16*t. What is the remainder when 370 is divided by t?
60
Let p be (6 - (-105)/(-25))/(6/40). Let t be (-6)/15 + (-274)/(-10). Let i = t - p. What is the remainder when 44 is divided by i?
14
Suppose -2*a + 16 = -14. Calculate the remainder when a is divided by (-4)/(((-16)/(-3))/(-4)).
0
Let c(n) = 41*n**3 - 4*n**2 + 4*n - 2. Calculate the remainder when c(2) is divided by 32.
30
Suppose -2*i + 5*i = 30. Suppose -70 = -o + u, 0 = 3*u + 4 - i. What is the remainder when o is divided by 19?
15
Let u = 50 + -92. What is the remainder when u*((-8)/12 - 0) is divided by 11?
6
Let c = -344 + 583. What is the remainder when 246 is divided by c?
7
Let z(p) = -p**3 + p**2 + 11. Let g be z(0). Let l(k) = k**3 - 12*k**2 + 14*k + 12. What is the remainder when l(g) is divided by 16?
13
Let f = 9 + -9. Suppose f = 5*t - 6*t + 4. Calculate the remainder when t is divided by 3.
1
Suppose 4*p - 182 = -5*s, 3*p - 2*p + 5*s = 53. Suppose -5*m = -2*m. Calculate the remainder when p is divided by 2/6*m + 15.
13
Calculate the remainder when 42 is divided by (-2)/4*2*(-8 + 3).
2
What is the remainder when 105 is divided by 20/30*(0 + 0 + 27)?
15
Let w = 13 - 11. Let r be ((-20)/25)/(w/5). Calculate the remainder when 22 is divided by ((-15)/(-9))/(r/(-6)).
2
Suppose 0 = 5*w - 7*w. Suppose 0*t - 31 = -3*t - 2*v, w = 5*t + 5*v - 45. Calculate the remainder when 48 is divided by t.
9
Let q = 10 + 33. Suppose -q*x + 15 = -38*x. Calculate the remainder when 6 is divided by x.
0
Let d(q) be the second derivative of q**4/4 - q**3/2 + q**2 - 11*q. Calculate the remainder when d(2) is divided by 4.
0
Suppose 4*y = 6*y + 10. Let s = -7 - y. Calculate the remainder when ((-1)/(-3))/(s/(-438)) is divided by 15.
13
Suppose -v + 4 = 1, -2*x = -3*v - 1029. What is the remainder when x is divided by 75?
69
Suppose 33*h - 1953 = -30*h. Calculate the remainder when 306 is divided by h.
27
Let y(d) = -d**2 + 6*d + 2. Let v be y(6). What is the remainder when (148/(-6))/v*-3 is divided by 13?
11
Suppose -4 = -h + 10. Suppose 155 = -50*z + 261 + 194. What is the remainder when (0 + -1)/((-2)/h) is divided by z?
1
Let f = 23 - 21. Let s(d) = 69*d**2. Let h be s(f). Suppose 0*k + h = 4*k. Calculate the remainder when k is divided by 18.
15
Let f = 231 - 165. Suppose 6*x = -0*x + f. Calculate the remainder when 40 is divided by x.
7
Let g = 106 + -76. Calculate the remainder when 76 is divided by g.
16
Suppose -196*m = -190*m - 156. What is the remainder when 95 + (2/(-1))/1 is divided by m?
15
Let v = -923 - -1008. What is the remainder when v is divided by 80?
5
Let p = 65 + -46. Suppose 27 = x - 2*j, -4*x - 4*j + 168 = -0*x. What is the remainder when x is divided by p?
18
Let c(p) = -26*p - 206. What is the remainder when c(-13) is divided by 53?
26
Let v(b) = 3*b + 37. Let h = 55 + -33. Calculate the remainder when v(24) is divided by h.
21
Let a = -2833 + 2838. Calculate the remainder when 402 is divided by a.
2
Let t(g) = -6*g - 70. Calculate the remainder when 439 is divided by t(-16).
23
Let c(d) = 2*d**2 - 89*d - 29. Suppose -f = -3*f + 114. What is the remainder when f is divided by c(45)?
9
Let i = 68 - 68. Suppose u - 3 = i, -2*q - u + 44 = -25. Calculate the remainder when q is divided by 21.
12
Suppose 2*w - 2*o - 30 = 0, 136*w - 133*w - 5*o = 31. What is the remainder when (-104)/(-3) - 2/3 is divided by w?
12
Let m be ((-24)/15)/(12/(-30)). Suppose 0 = -4*l + 3*p + 19 + 73, -4*l + 92 = -m*p. Suppose 82 = 4*f - 90. What is the remainder when f is divided by l?
20
Let f(y) = 6*y + 280. Suppose -3*a + 11 = -16. What is the remainder when f(-41) is divided by a?
7
Let s(n) = -n**3 + n**2 - 2*n. Let l = 1 - 3. Suppose -3*d - 2*x = -6*x - 126, -2*d + 5*x + 77 = 0. What is the remainder when d is divided by s(l)?
14
Calculate the remainder when (1/(-4))/((-16)/64)*116 is divided by 9.
8
Suppose 0 = 2*h + 4*x - 150, 15 - 3 = -3*x. Let v be 261/18 - (-2)/(-4). Let r = v + 7. What is the remainder when h is divided by r?
20
Let d(l) = -l**3 + 6*l**2 - 8*l + 2. Let y = 2 + 0. Suppose 2*u - b = 16, -2*u + 14 + y = -2*b. What is the remainder when u is divided by d(3)?
3
Suppose -4*a - y + 151 = 0, 6*y + 25 = a + 2*y. Let v(k) = -k**3 - 3*k**2 + 7*k + 5. What is the remainder when v(-6) is divided by a?
34
Let f = -16 - -12. What is the remainder when 106 is divided by (f + 38/8)*24?
16
Suppose -8 + 10 = v. Suppose -4*i = 5*q - 368, v*i + 1 = -5. Calculate the remainder when q is divided by 11.
10
Let z(c) = -3*c - 12. Let b be z(-12). Suppose -8*w = -5*w - b. Calculate the remainder when 26 is divided by w.
2
Let c be (-13)/52 - (-202)/8. Suppose c - 10 = a. Calculate the remainder when a is divided by 4.
3
Let u(m) = -m**3 + 8*m**2 - 8*m + 15. Let v be u(7). Suppose v = -10*x + 28. Calculate the remainder when 6 is divided by x.
0
Let x = -21 - -48. Let b(h) = 78*h + 1. Let o(c) = -4*c + 17. Let z be o(4). Calculate the remainder when b(z) is divided by x.
25
Let d = 3 - -3. Let g be 15/(1*3/6). Suppose 27*c - g = 25*c. Calculate the remainder when c is divided by d.
3
Let q(y) = 5*y + 142. Calculate the remainder when q(-21) is divided by 23.
14
Suppose 1169*u - 124 = 1167*u. What is the remainder when u is divided by 39?
23
Let q = 24 + 117. What is the remainder when q is divided by ((-888)/(-28))/(-6)*-7?
30
Let s(h) = -h**2 - 4*h - 1. Let v be s(7). Suppose 3*l - 174 = 159. Let k = v + l. What is the remainder when k is divided by 12?
9
Suppose 5*y + 4*y = 36. Suppose -y*d + 32 = -0*d. What is the remainder when 31 is divided by d?
7
Let x(c) = c**3 + 5*c**2 - 16*c + 1. Calculate the remainder when 250 is divided by x(-4).
7
Suppose -35*f + 38*f + 27 = 5*l, -l - 5*f - 17 = 0. Suppose 3*k + 5 = -w, -3*k + 0*k - 13 = -w. What is the remainder when w is divided by l?
1
Suppose 0 = -c - 5*p - 1, 8 = -p - 3*p. What is the remainder when 17 is divided by c?
8
Suppose 110 + 2 = 4*u + m, -151 = -5*u - 4*m. Let j(n) = 6*n**3. Calculate the remainder when u is divided by j(1).
3
Let t(k) = 54*k**2 - 46*k - 44. Calculate the remainder when t(-1) is divided by 6.
2
Let n = -55 - -69. Let c = 20 - n. Let i = 21 - 12. What is the remainder when i is divided by c?
3
Suppose 0 = -2*k + 5*x + 43, -x - 97 = -0*k - 3*k. Let l(j) = -4*j + 33. What is the remainder when k + 2/(1 + 0) is divided by l(5)?
10
Let q be ((-4)/(-4))/((-1)/(-27)). Let b = q - 1. What is the remainder when 49 is divided by b?
23
What is the remainder when 129 is divided by 3/27*3 + (-1280)/(-48)?
21
What is the remainder when (-96)/40*(-31 + -4) is divided by 33?
18
Let p = -254 - -109. Let t = 149 + p. Calculate the remainder when 8 is divided by t.
0
Let r = -21 + 47. Let p(h) = 4*h**2 - h + 38. Let z be p(-6). Let o = z + -179. What is the remainder when r is divided by o?
8
Let l(s) = -2*s + 45. Let q be l(21). Suppose y = q*y - 42. Calculate the remainder when y is divided by 12.
9
Let m(i) = 9*i + 1. Let p = 6 + -14. Let w = p - -9. What is the remainder when 19 is divided by m(w)?
9
Let a(v) = v - 4 + 2*v + 0. Calculate the remainder when 5 + (860/60)/(1/3) is divided by a(7).
14
What is the remainder when 406 is divided by -1 - 104/(6/(-3))?
49
Suppose 3*h = -2*z + 97, z - 26 = -4*h + 7*h. What is the remainder when 275 is divided by z?
29
Let c = 304 + -275. Calculate the remainder when 133 is divided by c.
17
Suppose 0 = 5*b - z - 70, 3*b + 5*z - 47 + 5 = 0. What is the remainder when 108 is divided by b?
10
Let p = 8 + 19.